
Is 74485727 composite?
False
Is 17177959 a composite number?
False
Is 520219207 a composite number?
False
Is 13246087 prime?
True
Is 20738251 composite?
True
Is 24586759 a composite number?
True
Is 43270891 composite?
False
Is 19126867 a prime number?
True
Is 9396119 a prime number?
True
Is 7077061 a composite number?
False
Is 98560079 composite?
True
Is 79082039 prime?
True
Is 562577 prime?
True
Is 14724733 a composite number?
False
Is 3621181 prime?
True
Is 228488207 a composite number?
False
Is 50671877 a composite number?
False
Is 954911 prime?
True
Is 11807953 a prime number?
False
Is 1180073 prime?
True
Is 11459531 a composite number?
False
Is 30775441 prime?
False
Is 2917499 composite?
True
Is 238896419 a composite number?
True
Is 32671097 a composite number?
False
Is 4259419 composite?
False
Is 3552517 prime?
True
Is 1796297 composite?
True
Is 28208146 a composite number?
True
Is 38429173 prime?
True
Is 73007 a prime number?
False
Is 26977837 a composite number?
False
Is 558867563 a composite number?
True
Is 637405 a composite number?
True
Is 310547 composite?
False
Is 1380763 composite?
False
Is 2867561 a prime number?
True
Is 69427 composite?
False
Is 72410411 prime?
True
Is 79640758 a composite number?
True
Is 49096939 a prime number?
False
Is 22900177 composite?
True
Is 76334323 composite?
True
Is 208468079 composite?
False
Is 151697731 composite?
False
Is 12923479 composite?
False
Is 163627007 a composite number?
True
Is 113770769 composite?
True
Is 63008017 composite?
True
Is 11295073 composite?
True
Is 16912613 prime?
False
Is 1447463 prime?
False
Is 1031581 prime?
False
Is 44138989 a prime number?
True
Is 62742957 composite?
True
Is 4144237 a prime number?
True
Is 46215799 a composite number?
True
Is 1893637 a composite number?
True
Is 409771 composite?
True
Is 346705537 a prime number?
True
Is 41040371 composite?
False
Is 2016269 a composite number?
False
Is 1451307103 a prime number?
True
Is 36996653 prime?
True
Is 193150567 prime?
False
Is 27270889 composite?
False
Is 2219923 a composite number?
False
Is 5189777 a composite number?
True
Is 22487539 composite?
False
Is 80489 a composite number?
False
Is 36227011 prime?
True
Is 4506287 a composite number?
True
Is 869901 a composite number?
True
Is 60496277 a composite number?
False
Is 132677891 a prime number?
True
Is 3500059 prime?
True
Is 37143569 composite?
True
Is 3742841 composite?
False
Is 203063699 a prime number?
True
Is 25769981 a composite number?
False
Is 50078701 a composite number?
False
Is 125093 composite?
False
Is 51741887 a composite number?
True
Is 2885783 prime?
True
Is 25884179 prime?
False
Is 1078559 a composite number?
False
Is 17187598 prime?
False
Is 9510287 a composite number?
False
Is 10313059 prime?
False
Is 865937 a prime number?
True
Is 13086841 composite?
False
Is 43924399 a composite number?
False
Is 87143041 a composite number?
True
Is 15904541 prime?
True
Is 7488037 prime?
False
Is 1461443 prime?
False
Is 80381237 prime?
False
Is 934223 a prime number?
True
Is 2140337 a composite number?
False
Is 5597129 prime?
False
Is 2558047 prime?
True
Is 159316271 a prime number?
True
Is 4839421 prime?
True
Is 177104369 a prime number?
False
Is 78274466 composite?
True
Is 91657499 a composite number?
True
Is 141413183 composite?
False
Is 12360643 composite?
False
Is 139411099 a prime number?
False
Is 6191989 a composite number?
True
Is 7207957 prime?
True
Is 3684293 a composite number?
False
Is 53695357 a prime number?
False
Is 183520451 a prime number?
False
Is 6594295 a composite number?
True
Is 300773389 composite?
True
Is 3025447 a prime number?
False
Is 6805495 a prime number?
False
Is 22743869 a prime number?
False
Is 5357311 composite?
True
Is 10972589 prime?
True
Is 644647 a prime number?
True
Is 558055 prime?
False
Is 322905367 a prime number?
True
Is 10584529 prime?
True
Is 700797583 a composite number?
False
Is 212003563 a prime number?
True
Is 10469645 a prime number?
False
Is 231843419 prime?
True
Is 78021217 composite?
False
Is 104961895 prime?
False
Is 5685011 prime?
False
Is 5400926 a composite number?
True
Is 55186897 a composite number?
False
Is 47782277 prime?
True
Is 85761077 composite?
True
Is 1016771 a composite number?
True
Is 1026955 a composite number?
True
Is 54546119 composite?
True
Is 32502461 a prime number?
True
Is 989557 prime?
True
Is 369096007 prime?
False
Is 138643 composite?
True
Is 652867 a prime number?
False
Is 11827051 prime?
True
Is 652003 a prime number?
False
Is 2568721 composite?
True
Is 28492309 composite?
False
Is 24470293 a prime number?
False
Is 33485867 a prime number?
True
Is 117620227 prime?
True
Is 34351823 prime?
False
Is 2054915 a prime number?
False
Is 309770389 a composite number?
True
Is 2947073 prime?
False
Is 7877533 prime?
False
Is 110225033 a prime number?
True
Is 22084399 prime?
False
Is 7766243 a prime number?
True
Is 338860738 composite?
True
Is 5738623 a composite number?
True
Is 45634733 composite?
False
Is 16124861 a composite number?
False
Is 42697373 a prime number?
True
Is 8562353 a prime number?
True
Is 197846197 a composite number?
True
Is 2401891 prime?
True
Is 47019277 composite?
False
Is 29632949 prime?
True
Is 140432909 a prime number?
False
Is 160995449 composite?
False
Is 61934531 composite?
False
Is 2387887 composite?
True
Is 3120361 a composite number?
True
Is 3908807 a prime number?
False
Is 6484129 prime?
True
Is 1219628113 a prime number?
False
Is 149229869 composite?
False
Is 2134279 a prime number?
False
Is 115718429 a composite number?
True
Is 60969999 composite?
True
Is 109140809 prime?
True
Is 1124741 prime?
True
Is 175043899 prime?
True
Is 13465993 a composite number?
False
Is 14145673 prime?
True
Is 4153983 a prime number?
False
Is 1704361 a prime number?
False
Is 3117419 prime?
False
Is 7994003 a composite number?
True
Is 259639833 composite?
True
Is 3550567 a composite number?
False
Is 1052341 a composite number?
True
Is 2383231 a prime number?
False
Is 21869231 composite?
True
Is 12622097 a prime number?
False
Is 33009443 a composite number?
False
Is 2544571 a prime number?
True
Is 759019 a prime number?
True
Is 8233499 composite?
True
Is 553627 prime?
True
Is 665396287 a prime number?
False
Is 2490079 prime?
True
Is 10328261 composite?
True
Is 13125757 a composite number?
True
Is 475611 a composite number?
True
Is 7042253 prime?
True
Is 12841571 composite?
False
Is 104670869 a composite number?
False
Is 232022498 a composite number?
True
Is 3153901 prime?
True
Is 1599523 a prime number?
True
Is 23244647 a composite number?
False
Is 17980709 a composite number?
False
Is 217156717 prime?
False
Is 13894897 prime?
False
Is 2768561 a composite number?
True
Is 14975087 composite?
False
Is 632824147 a composite number?
True
Is 2162137 a prime number?
True
Is 19762537 a composite number?
False
Is 147741331 composite?
False
Is 8652811 a prime number?
False
Is 555419 prime?
True
Is 6834599 a prime number?
False
Is 7473451 prime?
True
Is 21761557 a prime number?
False
Is 6944871 composite?
True
Is 366688765 prime?
False
Is 765097367 prime?
True
Is 5220641 composite?
False
Is 39476741 a prime number?
True
Is 3769117 prime?
False
Is 1214683033 a composite number?
False
Is 432569 composite?
False
Is 17042167 a prime number?
True
Is 195785 a composite number?
True
Is 1498379 a composite number?
False
Is 13889813 composite?
True
Is 5096701 a composite number?
False
Is 285139 prime?
True
Is 417793 composite?
False
Is 51201341 a composite number?
False
Is 8453551 a prime number?
False
Is 394980659 composite?
False
Is 8021071 prime?
False
Is 1192241 composite?
False
Is 112114369 a composite number?
False
Is 70730461 a prime number?
False
Is 329552339 prime?
True
Is 5568193 a prime number?
True
Is 43931579 a composite number?
True
Is 37775761 composite?
True
Is 291613939 a prime number?
True
Is 11442097 a composite number?
False
Is 20239901 a prime number?
False
Is 26740634 composite?
True
Is 88024883 a prime number?
True
Is 58677539 composite?
False
Is 515311 prime?
True
Is 44419 a composite number?
True
Is 28406393 a composite number?
False
Is 2333077 a prime number?
False
Is 16955122 a composite number?
True
Is 14636933 a prime number?
True
Is 2910031 a prime number?
True
Is 